r of u and 96?
24
Let i = -3 - -4. Let y(h) = -3*h**2 + 2*h - 2. Let p be y(2). Let n = -7 - p. Calculate the highest common divisor of i and n.
1
Let b be (-2)/4*4/(-1). Suppose -b*p - 8 = -4*l, -3*l + 4 = -2*p - 1. Let h be 1*-12*(-1)/p. What is the highest common divisor of 24 and h?
6
Suppose -20*c - 128 = -22*c. Let q(v) = -5*v - 2. Let p be q(-2). Calculate the highest common factor of c and p.
8
Suppose 0 = 4*g - 5*o - 240, -g - g + 4*o + 126 = 0. Suppose -2*s + 0*s = 10. Let j = s + 10. What is the highest common divisor of g and j?
5
Suppose -2*j = -8 - 4. Let u(s) = -s + 6. Let k be u(-9). What is the highest common factor of j and k?
3
Suppose -5*y + 53 = g, 0*g - 5*g + 55 = 4*y. Suppose -q + 2 = -2*l + 3, -4 = 4*q + 5*l. Let z be 4/(q + 1 - -1). What is the highest common divisor of z and y?
2
Suppose 10 - 1 = z. Calculate the highest common factor of z and 207.
9
Let f(u) = 1. Let k(c) = 2*c - 2. Let p(h) = 6*f(h) - k(h). Let o = 6 + -14. Let r be p(o). Calculate the highest common factor of r and 16.
8
Let b = 10 + -5. Suppose 0 = -b*o + 4*h + 29, -o = -4*o - 2*h + 35. Calculate the greatest common divisor of 45 and o.
9
Let p be 0/(-1 + 4 - 2). Let b(j) = j + 39. Let z be b(p). Calculate the highest common factor of 13 and z.
13
Suppose -g - 4*g + 70 = 0. What is the greatest common factor of g and 21?
7
Let a(s) = -75*s + 2. Let y = 7 + -9. Let d be a(y). Calculate the highest common factor of d and 19.
19
Let o be 8/24 + 16/6. Calculate the greatest common divisor of 33 and o.
3
Let f = 23 - -42. Suppose 2*i + 3*i - f = 0. What is the greatest common factor of 104 and i?
13
Suppose 0 = -3*j + 4*s + 26, -4*j - s + 2 = -1. Calculate the greatest common divisor of 4 and j.
2
Let b(f) = f**3 - f**2 - 4*f - 3. Let q be b(4). Suppose q = 2*w + 7. Let u be (-8)/2 + (-1152)/(-24). Calculate the highest common factor of u and w.
11
Let d(b) = -3*b**2 + 2*b + 1. Let h be d(-1). Let w = h - -8. Calculate the highest common factor of w and 16.
4
Let a = -31 - -54. Let l = 0 + a. Calculate the greatest common divisor of 253 and l.
23
Suppose 4*r = -3*m - 10, 5*m - 3*r = -0*r + 22. Let v = 36 - 26. Calculate the highest common factor of m and v.
2
Let p = 3 + -1. Suppose 2*n + 2 = -p. Let x be (2 - (n - -2)) + 10. Calculate the greatest common divisor of x and 6.
6
Let l(z) = z**3 - z**2 - 2*z + 175. Let p be l(0). What is the highest common divisor of 50 and p?
25
Suppose -2*m = 2*t - 22, -t = 2*m + 3*t - 30. Suppose m*a = 4*a - 48. Let l be -3*4*a/6. What is the greatest common divisor of l and 8?
8
Suppose 9*a = 6*a + 9. Suppose 0 = 3*v - 28 - 8. What is the highest common divisor of v and a?
3
Let n(p) = -7*p**2 - 44*p - 3. Let u be n(-6). Let c be (-1 + 1 + -9)*-11. What is the highest common divisor of u and c?
9
Suppose 26*p - 1045 = 21*p. Calculate the highest common divisor of p and 19.
19
Let j(y) = 4*y + 3*y - 9 + 3. Let l be j(4). Let n = l - 15. What is the highest common factor of n and 56?
7
Let b(c) = 2*c - 5. Let z(q) = 2*q - 6. Let j(w) = 7*b(w) - 6*z(w). Let v be j(2). Suppose -v*f = -10 - 120. What is the highest common divisor of 39 and f?
13
Let z = 16 + -6. Suppose 7*h + 360 = z*h. What is the greatest common factor of h and 48?
24
Let n(u) = 13*u + 18. Let v be n(13). Calculate the highest common divisor of v and 17.
17
Suppose 3*n = -2*n + 225. Let y = -23 - -53. Calculate the highest common factor of y and n.
15
Suppose 0 = 4*u - u - 132. Calculate the highest common divisor of u and 4.
4
Let r = -3 - 3. Let q(g) = g**3 - 3*g**2 - 4. Let j be q(4). Let p = j + r. What is the greatest common factor of 18 and p?
6
Let p(d) = -d**3 + 13*d**2 - 8*d - 10. Let z be p(11). Calculate the highest common factor of 18 and z.
18
Suppose 3*l + 3*x = 48, 37*l + 2*x - 64 = 33*l. Suppose b + 3*b = 320. What is the highest common divisor of l and b?
16
Let r(h) = 4*h**3 - h**2 - h - 2. Let l be r(2). Let q = l + -12. Calculate the greatest common factor of 30 and q.
6
Let p(f) = -f**2 + 4*f + 1. Let x be p(3). Suppose -x*h = 8 + 4. Let v be -2*(-3)/h + 9. What is the highest common divisor of 7 and v?
7
Suppose 4*n - 12 = 2*n. Let i = -11 + n. Let a = -1 - i. Calculate the greatest common factor of 10 and a.
2
Let a(v) = 12*v**2. Let b be a(-2). Suppose 600 = -2*m + 7*m. What is the greatest common factor of m and b?
24
Let z be 3/(-1 - (-26)/20). Let c be ((-8)/(-5))/((-2)/(-5)). Suppose -2*k + k + c*a = -37, -3*k = 2*a - 69. What is the greatest common divisor of z and k?
5
Let r(n) = -6*n. Let s be r(1). Let u be 2 - s - (-1 - -4). Let f = 4 - -1. What is the highest common divisor of f and u?
5
Let n = -22 + 87. Suppose -4*j - j = -n. What is the greatest common divisor of 91 and j?
13
Suppose -7*j + 24 = -60. Calculate the highest common factor of j and 60.
12
Let l be ((-6)/5)/(12/(-640)). Let t be ((-48)/20)/((-6)/40). Calculate the greatest common factor of t and l.
16
Let z = 64 - 36. Let h be (-4)/14 + 148/z. Let v be (48/20)/(1/h). Calculate the greatest common divisor of v and 6.
6
Suppose 11 + 264 = 5*g. Calculate the greatest common factor of 22 and g.
11
Suppose 395 = 5*k - 3*d, 0*k + 3*k - 253 = 5*d. Let q = k + -40. What is the greatest common divisor of q and 9?
9
Suppose 2*u + r = 62, -r = 2*u - 5*r - 52. Suppose 2*j - 99 = -9. What is the greatest common divisor of j and u?
15
Let t be ((-18)/(-4))/(21/28). What is the highest common factor of 66 and t?
6
Let p = 13 + -25. Let j = p + 32. Calculate the highest common factor of j and 50.
10
Let c = 7 + -5. Suppose -5*f + 295 = -5*p, -f + c*f + 5*p - 89 = 0. Suppose 0 = s + s - f. What is the highest common factor of s and 16?
16
Let h be (-1 + -1)/((-3)/12). Suppose -h = -l - l. What is the greatest common factor of 44 and l?
4
Let p be 40/(-6)*(-27)/18. What is the highest common factor of 30 and p?
10
Let r = 1 - 2. Let b be (r + 28)/(3/2). Suppose h = 2*h - b. What is the greatest common factor of h and 45?
9
Suppose -l = -4*l + 12. Suppose -l*y + 59 = -5. What is the greatest common factor of y and 16?
16
Suppose 0 = 2*g - 1 - 5. Let y be 155/15 + 2/g. Let x be 121/(-2 + 0 + 3). Calculate the greatest common divisor of x and y.
11
Let z = 0 - -4. Let g(v) = 6*v + 0*v**2 + 0 + v**3 - 5*v**2 - 4 + 3. Let y be g(z). Calculate the highest common factor of 56 and y.
7
Suppose -n + 2*a = -76, -3*n + a = -2*n - 78. Let i = n + -35. Suppose 0*w + 3*w + 3*q = 6, -3*w + q + 18 = 0. What is the highest common divisor of w and i?
5
Let y be (21/(-14))/((-6)/40). What is the highest common divisor of 2 and y?
2
Let f be ((-1)/5 + 622/(-40))*-12. Calculate the greatest common divisor of f and 21.
21
Let d be 17*-1*5/(-10)*2. Calculate the highest common factor of d and 119.
17
Let c(u) = -u**3 - 14*u**2 - u - 7. Let m be c(-14). Let r(h) = 19*h - 7. Let y be r(m). Calculate the highest common factor of y and 14.
14
Let o(i) = i**3 - 12*i**2 - 10*i + 22. Let v(c) = -c + 1. Let n(m) = o(m) - 5*v(m). Let d be n(13). What is the highest common divisor of d and 11?
11
Suppose -90 = -5*m + 2*o, 4*m - 2*o = 3*o + 89. Let v = 46 - 22. What is the greatest common divisor of v and m?
8
Suppose -4*z = 4*x - 56, 0 = 4*x - 0*x - z - 36. What is the highest common divisor of x and 80?
10
Let b(s) = s + 14. Let c be b(-4). Let f = 10 - 0. What is the highest common factor of f and c?
10
Suppose 500 = 5*g + 10. Calculate the highest common divisor of 28 and g.
14
Let q be (-84)/(-10) + 2/(-5). Let z = 22 - 20. Suppose z = -u + 26. Calculate the highest common factor of u and q.
8
Let b be 3/6*60/2. Let p be 1/((-15)/(-9))*b. Let x = 199 - 100. What is the greatest common factor of x and p?
9
Let p be (1 + 0 + 4)*1. Suppose 15 = h + p. What is the greatest common divisor of 15 and h?
5
Suppose t = -t + 4. Let g be t + 26 + 2 + 0. Calculate the highest common divisor of g and 6.
6
Let q = 38 + -31. What is the highest common divisor of 21 and q?
7
Let p be (-2 - -2) + 28/2. Suppose 3*y + 2*j - 3*j - 6 = 0, -3*y = -3*j - 12. Let z be 17/y - 3/1. What is the greatest common factor of z and p?
14
Let q(m) = -m**3 + 13*m**2 - 12*m + 17. Let n be q(12). What is the highest common divisor of 136 and n?
17
Let t be 23 - (-12)/9*-3. Calculate the highest common divisor of 171 and t.
19
Let j b